{"id":287,"date":"2017-04-24T15:19:39","date_gmt":"2017-04-24T13:19:39","guid":{"rendered":"http:\/\/ww2.ville-blanzat.fr\/?page_id=287"},"modified":"2025-10-03T09:29:22","modified_gmt":"2025-10-03T07:29:22","slug":"assistantes-maternelles","status":"publish","type":"page","link":"https:\/\/www.ville-blanzat.fr\/index.php\/assistantes-maternelles\/","title":{"rendered":"ASSISTANTES MATERNELLES"},"content":{"rendered":"\n<p class=\"has-text-align-center animated fadeIn\">Les assistantes maternelles de l&rsquo;association \u00a0\u00bb Les petites Frimousses\u00a0\u00bb  accueillent \u00e0 leur domicile des enfants de 3 mois \u00e0 3 ans et plus. Elle se r\u00e9unissent \u00e0 la salle citoyenne du complexe sportif de la croix St G\u00e9raud o\u00f9 les enfants peuvent se rencontrer, pour pratiquer des activit\u00e9s ludiques et manuelles leur permettant de grandir ensemble.<\/p>\n\n\n\n<h2 class=\"wp-block-heading animated backInLeft\">Pr\u00e9sidente<\/h2>\n\n\n\n<p> Sylvie Garcia<br><strong>Mail<\/strong>: <a href=\"mailto:lespetitesfrimousses.assos@gmail.com\">sylvie.garcia949@sfr.fr<\/a><\/p>\n\n\n\n<p class=\"has-text-align-center animated bounceIn\"><mark style=\"background-color:rgba(0, 0, 0, 0);color:#ff0000\" class=\"has-inline-color\"><strong>LA LISTE DES ASSISTANTES MATERNELLES EST DISPONIBLE<\/strong> <strong>DIRECTEMENT<\/strong> <strong>EN MAIRIE<\/strong><\/mark><\/p>\n\n\n\n<p><\/p>\n","protected":false},"excerpt":{"rendered":"<p>Les assistantes maternelles de l&rsquo;association \u00a0\u00bb Les petites Frimousses\u00a0\u00bb accueillent \u00e0 leur domicile des enfants de 3 mois \u00e0 3 ans et plus. Elle se r\u00e9unissent \u00e0 la salle citoyenne du complexe sportif de la croix St G\u00e9raud o\u00f9 les enfants peuvent se rencontrer, pour pratiquer des activit\u00e9s ludiques et &hellip;<\/p>\n","protected":false},"author":1,"featured_media":0,"parent":0,"menu_order":0,"comment_status":"closed","ping_status":"closed","template":"","meta":{"footnotes":""},"class_list":["post-287","page","type-page","status-publish","hentry"],"aioseo_notices":[],"_links":{"self":[{"href":"https:\/\/www.ville-blanzat.fr\/index.php\/wp-json\/wp\/v2\/pages\/287","targetHints":{"allow":["GET"]}}],"collection":[{"href":"https:\/\/www.ville-blanzat.fr\/index.php\/wp-json\/wp\/v2\/pages"}],"about":[{"href":"https:\/\/www.ville-blanzat.fr\/index.php\/wp-json\/wp\/v2\/types\/page"}],"author":[{"embeddable":true,"href":"https:\/\/www.ville-blanzat.fr\/index.php\/wp-json\/wp\/v2\/users\/1"}],"replies":[{"embeddable":true,"href":"https:\/\/www.ville-blanzat.fr\/index.php\/wp-json\/wp\/v2\/comments?post=287"}],"version-history":[{"count":25,"href":"https:\/\/www.ville-blanzat.fr\/index.php\/wp-json\/wp\/v2\/pages\/287\/revisions"}],"predecessor-version":[{"id":10029,"href":"https:\/\/www.ville-blanzat.fr\/index.php\/wp-json\/wp\/v2\/pages\/287\/revisions\/10029"}],"wp:attachment":[{"href":"https:\/\/www.ville-blanzat.fr\/index.php\/wp-json\/wp\/v2\/media?parent=287"}],"curies":[{"name":"wp","href":"https:\/\/api.w.org\/{rel}","templated":true}]}}