{"id":291,"date":"2017-04-24T15:19:39","date_gmt":"2017-04-24T13:19:39","guid":{"rendered":"http:\/\/ww2.ville-blanzat.fr\/?page_id=291"},"modified":"2026-04-30T08:57:15","modified_gmt":"2026-04-30T06:57:15","slug":"ccas","status":"publish","type":"page","link":"https:\/\/www.ville-blanzat.fr\/index.php\/la-mairie\/ccas\/","title":{"rendered":"ACTIONS SOCIALES"},"content":{"rendered":"\n<h4 class=\"wp-block-heading animated bounceInLeft\">Actualit\u00e9s Sociales<\/h4>\n\n\n\n<p class=\"animated bounceIn delay-500ms\"><strong>Les permanences en mairie<\/strong><\/p>\n\n\n\n<p>Madame DARGON, Adjointe action sociale et solidarit\u00e9, tient une permanence chaque vendredi apr\u00e8s-midi sur rendez-vous au 04 73 87 40 40 afin de rencontrer les blanzatois-es rencontrant des difficult\u00e9s.<\/p>\n\n\n\n<p><strong>Les assistantes sociales accueillent sur rendez-vous en appelant au 04 73 16 62 00.<\/strong><\/p>\n\n\n\n<h4 class=\"wp-block-heading animated bounceInLeft\">Centre Communal d&rsquo;Action Sociale (CCAS)<\/h4>\n\n\n\n<p class=\"animated bounceIn delay-500ms\"><strong>Qu&rsquo;est-ce que c&rsquo;est ?<\/strong><\/p>\n\n\n\n<p>C&rsquo;est un \u00e9tablissement public qui a pour mission d&rsquo;animer une action g\u00e9n\u00e9rale de pr\u00e9vention et de d\u00e9veloppement social au sein de la commune en liaison \u00e9troite avec les institutions publiques et priv\u00e9es<\/p>\n\n\n<div class=\"wp-block-image\">\n<figure class=\"aligncenter is-resized\"><img decoding=\"async\" src=\"https:\/\/www.ville-blanzat.fr\/wp-content\/uploads\/2022\/02\/LOGO-CCAS-1024x557.png\" alt=\"\" style=\"width:329px;height:auto\"\/><\/figure><\/div>\n\n\n<p class=\"animated bounceIn\"><strong>Comment \u00e7a fonctionne ?<\/strong><\/p>\n\n\n\n<p>Il est administr\u00e9 par un conseil d&rsquo;administration (CA) pr\u00e9sid\u00e9 par le maire de la commune qui donne d\u00e9l\u00e9gation \u00e0 l&rsquo;adjoint-e aux affaires sociales. Le CA du CCAS est compos\u00e9 d&rsquo;un-e pr\u00e9sident-e, de membres \u00e9lus, de membres nomm\u00e9s repr\u00e9sentant des associations \u0153uvrant dans le domaine de l&rsquo;insertion et de la lutte contre les exclusions&nbsp;; d&rsquo;un repr\u00e9sentant des associations familiales, d&rsquo;un repr\u00e9sentant des associations de retrait\u00e9s et de personnes \u00e2g\u00e9es&nbsp;; d&rsquo;un repr\u00e9sentant des associations de personnes handicap\u00e9es.<\/p>\n\n\n\n<p>Le CCAS dispose d&rsquo;un budget autonome qui prend notamment en compte le personnel n\u00e9cessaire \u00e0 l&rsquo;accomplissement de ses actions.<\/p>\n\n\n\n<p class=\"animated bounceIn\"><strong>Les aides apport\u00e9es<\/strong><\/p>\n\n\n\n<p class=\"animated fadeIn\" style=\"text-decoration:underline\">Banque alimentaire<\/p>\n\n\n\n<p>Une distribution de colis alimentaires a lieu tous les quinze jours. L\u2019approvisionnement se fait \u00e0 la Banque Alimentaire centrale de Clermont-Ferrand, le mardi matin, et la distribution s\u2019effectue le mardi apr\u00e8s-midi \u00e0 Blanzat.<\/p>\n\n\n\n<p>Au pr\u00e9alable, prendre rendez-vous au 04 73 16 62 00 avec une assistante sociale lors des permanence \u00e0 la mairie afin de remplir un dossier.<\/p>\n\n\n\n<p class=\"animated fadeIn\" style=\"text-decoration:underline\">Aide au chauffage<\/p>\n\n\n\n<p>Des aides pour faire face aux probl\u00e8mes de chauffage (\u00e9lectrique-gaz-bois-fioul) peuvent \u00eatre attribu\u00e9es en hiver.<\/p>\n\n\n\n<p>Les personnes d\u00e9sirant en b\u00e9n\u00e9ficier doivent d\u00e9poser leur demande en Mairie avant fin septembre.<\/p>\n\n\n\n<p class=\"animated fadeIn\" style=\"text-decoration:underline\">Secours d&rsquo;urgence<\/p>\n\n\n\n<p>Des secours d\u2019urgence peuvent \u00eatre accord\u00e9s&nbsp;: pour faire face \u00e0 des factures impay\u00e9es (eau-EDF-gaz), aide \u00e0 la mutuelle\u2026<\/p>\n\n\n\n<p>Prendre rendez-vous avec Mme Dargon, adjointe aux affaires sociales, les vendredis apr\u00e8s-midis lors de sa permanence.<\/p>\n\n\n\n<p class=\"animated fadeIn\" style=\"text-decoration:underline\">Bons de solidarit\u00e9<\/p>\n\n\n\n<p class=\"animated bounceIn\"><strong>Un bon d\u2019achat est attribu\u00e9<\/strong><\/p>\n\n\n\n<ul class=\"wp-block-list\">\n<li>Aux demandeurs d\u2019emploi dont le quotient familiale est inf\u00e9rieur ou \u00e9gale \u00e0 500 \u20ac<\/li>\n\n\n\n<li>Aux demandeurs d\u2019emploi non indemnis\u00e9s<\/li>\n\n\n\n<li>Aux b\u00e9n\u00e9ficiaires du RSA socle. Ces bons sont \u00e0 utiliser dans un des commerces de Blanzat. <br>Tickets de bus: Syst\u00e8me passe-bus pour le transport des demandeurs d\u2019emploi<\/li>\n<\/ul>\n\n\n\n<p class=\"animated fadeIn\" style=\"text-decoration:underline\">Aides aux courses<\/p>\n\n\n\n<p>Les personnes \u00e2g\u00e9es n\u2019ayant pas de moyen de d\u00e9placement peuvent demander un accompagnement une fois par semaine pour effectuer leurs courses de proximit\u00e9. Cette aide est ouverte aux personnes de plus de 65 ans ou plus de 60 ans selon des conditions m\u00e9dicales particuli\u00e8res.<\/p>\n\n\n\n<p>S&rsquo;inscrire en mairie ou au 04 73 87 40 40 aupr\u00e8s du secr\u00e9tariat du CCAS.<\/p>\n\n\n\n<p class=\"animated fadeIn\" style=\"text-decoration:underline\">T\u00e9l\u00e9-alarme<\/p>\n\n\n\n<p>La t\u00e9l\u00e9alarme d\u00e9signe un syst\u00e8me simple et s\u00e9curisant d\u2019alerte des secours. Il s\u2019agit d\u2019un appareil raccord\u00e9 en permanence au standard des sapeurs pompiers : il est compos\u00e9 d\u2019un bo\u00eetier terminal branch\u00e9 sur la prise t\u00e9l\u00e9phonique et d\u2019une t\u00e9l\u00e9commande, en forme de pendentif ou de bracelet, qui doit \u00eatre port\u00e9e en permanence sur soi.<\/p>\n\n\n\n<p class=\"animated bounceIn\"><strong>Pour b\u00e9n\u00e9ficier de ce service, un certain nombre de conditions sont requises<\/strong><\/p>\n\n\n\n<ul class=\"wp-block-list\">\n<li>\u00eatre \u00e2g\u00e9 de 65 ans et plus, exceptionnellement 60 ans pour les personnes reconnues inapte au travail ;\u00eatre en situation d\u2019isolement ;<\/li>\n\n\n\n<li>pr\u00e9senter un handicap attest\u00e9 par un certificat m\u00e9dical : chutes, probl\u00e8mes de mobilit\u00e9.<\/li>\n<\/ul>\n\n\n\n<p>Le dossier de demande d\u2019abonnement doit \u00eatre retir\u00e9 \u00e0 la Mairie, qui le transmettra, pour instruction, \u00e0 Clermont Communaut\u00e9. Le calcul de la redevance est bas\u00e9 sur les revenus imposables de l\u2019abonn\u00e9.<\/p>\n\n\n\n<h6 class=\"wp-block-heading\">Portage de repas<\/h6>\n\n\n\n<p>Dans le cadre du SISPA (Syndicat Intercommunal au Service de la Personne \u00c2g\u00e9e), un service de portage de repas \u00e0 domicile est propos\u00e9 sur la commune. Les repas, pr\u00e9par\u00e9s \u00e0 l\u2019EHPAD, sont livr\u00e9s chauds du lundi au samedi (sauf jours f\u00e9ri\u00e9s).<\/p>\n\n\n\n<p class=\"animated bounceIn\"><br><strong>Ce service s\u2019adresse<\/strong><\/p>\n\n\n\n<ul class=\"wp-block-list\">\n<li>Aux personnes \u00e2g\u00e9es de plus de 60 ans<\/li>\n\n\n\n<li>Aux personnes handicap\u00e9es sans condition d\u2019\u00e2ge<\/li>\n\n\n\n<li>Aux personnes momentan\u00e9ment d\u00e9pendantes (accident, maladie, op\u00e9ration) sans condition d\u2019\u00e2ge et sur pr\u00e9sentation d\u2019un certificat m\u00e9dical.<\/li>\n<\/ul>\n\n\n\n<p class=\"animated fadeIn\"><strong>Pour se renseigner<\/strong><\/p>\n\n\n\n<p>15 rue des Farges 63118 C\u00e9bazat &#8211; 04 73 14 36 27<\/p>\n\n\n\n<h6 class=\"wp-block-heading\">Aides pour le centre de loisirs<\/h6>\n\n\n\n<p class=\"has-sitebg-color has-text-color has-link-color wp-elements-5cae2af5d6a2f1c45f8dd353bf950924\">Le CCAS accorde une aide financi\u00e8re permettant l\u2019acc\u00e8s au Centre de Loisirs de Blanzat et aux centres de vacances et de loisirs avec h\u00e9bergement (colonies-s\u00e9jours\u2026) pour les enfants r\u00e9sidant sur la commune de Blanzat.<\/p>\n\n\n\n<p class=\"has-text-color has-link-color wp-elements-3d51c68b23dd2e34ee93ef116ecb736e\" style=\"color:#ff0000\"><strong>Cette aide est attribu\u00e9e selon les tranches de quotient familial mis en place par la Caisse d\u2019Allocations Familiales<\/strong><\/p>\n\n\n\n<h4 class=\"wp-block-heading animated bounceInLeft\">Lieu d&rsquo;Informations S\u00e9niors (LIS)<\/h4>\n\n\n\n<p class=\"has-text-color has-link-color wp-elements-e48a9423eb85fd45b7dfd598232b3581\" style=\"color:#ff0000\"><strong>Un bureau \u00e0 la mairie est d\u00e9di\u00e9 aux permanences.<\/strong><\/p>\n\n\n\n<p>La Mairie de Blanzat accueille les s\u00e9niors dans un nouvel espace LIS depuis janvier 2021.<\/p>\n\n\n\n<p>En partenariat avec l\u2019Association G\u00e9rontonomie de Clermont Ferrand, le Lieu Information S\u00e9nior de Blanzat vous propose des informations et des conseils sur les th\u00e9matiques de l\u2019avanc\u00e9e de l\u2019\u00e2ge.<\/p>\n\n\n\n<p>Les personnes \u00e2g\u00e9es de plus de 60 ans et leurs familles sont concern\u00e9es par la perte progressive de l\u2019autonomie \u00e0 domicile, la lutte contre l\u2019isolement g\u00e9ographique et\/ou social des personnes vivant \u00e0 domicile.<\/p>\n\n\n\n<p>Nous vous proposons <b>un accueil personnalis\u00e9 tous les vendredis de 14h \u00e0 17h<\/b> (sur rendez-vous) afin de recueillir votre demande sur des sujets comme la sant\u00e9, l\u2019autonomie fonctionnelle, les aspects familiaux et sociaux, les aspects administratifs (retraite, APA, aides au maintien \u00e0 domicile) ainsi que l\u2019habitat et la s\u00e9curit\u00e9.<\/p>\n\n\n\n<p>Une analyse multidimensionnelle sera faite par la r\u00e9f\u00e9rente LIS qui vous informera et vous orientera vers les structures qui prendront vos demandes en charge. Il s\u2019agit de faciliter l\u2019acc\u00e8s aux droits, aux services, aux activit\u00e9s de loisirs et de pr\u00e9vention et d\u2019informer sur les aides techniques.<\/p>\n\n\n\n<p><strong>Un espace est am\u00e9nag\u00e9 afin que vous acc\u00e9diez aux informations plus facilement.<\/strong><\/p>\n\n\n\n<p><b>Une salle \u00e0 disposition toutes les semaines<\/b><\/p>\n\n\n\n<p><b>Sans limite d&rsquo;\u00e2ge<\/b>, votre participation et implication fera vivre ce lieu de rencontre.<\/p>\n\n\n\n<p>Une permanence hebdomadaire est propos\u00e9e <b>tous les vendredis apr\u00e8s-midi salle 5<\/b> pour vous r\u00e9unir autour de jeux de soci\u00e9t\u00e9 et de rencontres \u00e0 th\u00e8me afin de rompre la solitude et d\u2019\u00e9changer dans un cadre convivial.<\/p>\n\n\n\n<p>Un <b>accompagnement transport<\/b> est propos\u00e9 pour les personnes \u00e2g\u00e9es ou \u00e0 mobilit\u00e9 r\u00e9duite.<\/p>\n\n\n\n<h4 class=\"wp-block-heading animated bounceInLeft\">Plateforme d&rsquo;Accompagnement et de R\u00e9pit des Volcans<\/h4>\n\n\n\n<p class=\"animated bounceIn\"><strong>Pour qui ?<\/strong><\/p>\n\n\n\n<ul class=\"wp-block-list\">\n<li>Les personnes \u00e2g\u00e9es de plus de 60 ans<\/li>\n\n\n\n<li>Vivant \u00e0 domicile dans le Puy de D\u00f4me<\/li>\n\n\n\n<li>Pr\u00e9sentant des maladies neurod\u00e9g\u00e9n\u00e9rative (Alzheimer et troubles apparent\u00e9s, Parkinson, etc.)<\/li>\n\n\n\n<li>Les proches aidants des personnes malades<\/li>\n<\/ul>\n\n\n\n<p class=\"animated bounceIn\"><strong>Les missions<\/strong><\/p>\n\n\n\n<ul class=\"wp-block-list\">\n<li>\u00c9couter et analyser votre demande et \u00e9valuer avec la situation<\/li>\n\n\n\n<li>R\u00e9pondre aux besoins d&rsquo;\u00e9coute, de conseils, de relais des aidants<\/li>\n\n\n\n<li>Proposer diverses solutions de r\u00e9pit et de soutien<\/li>\n\n\n\n<li>Soutenir et conseiller<\/li>\n\n\n\n<li>Maintenir le lien social<\/li>\n<\/ul>\n\n\n\n<hr class=\"wp-block-separator has-alpha-channel-opacity\"\/>\n\n\n\n<h2 class=\"wp-block-heading animated fadeIn\"><strong>Contact<\/strong><\/h2>\n\n\n\n<p><strong>Adresse:<\/strong> EHPAD Les Savarounes, 1 rue du Roc Blanc 63400 CHAMALIERES<br><strong>T\u00e9l\u00e9phone:<\/strong> 04 73 31 76 07<br><strong>E-mail:<\/strong> administratif@plateformedesvolcans.fr<br><strong>Plus d&rsquo;information sur <a href=\"http:\/\/www.plateformederepit63.fr\">le site internet.<\/a><\/strong><\/p>\n\n\n\n<h4 class=\"wp-block-heading\">Programme Local de l&rsquo;Habitat<\/h4>\n\n\n\n<p class=\"has-text-align-center\">Retrouvez ci-joint le d\u00e9tail du Programme Local de l&rsquo;Habitat pour la p\u00e9riode 2023-2028.<\/p>\n\n\n\n<div class=\"wp-block-buttons is-content-justification-center is-layout-flex wp-container-core-buttons-is-layout-1 wp-block-buttons-is-layout-flex\">\n<div class=\"wp-block-button animated backInUp\"><a class=\"wp-block-button__link has-accent-1-background-color has-background wp-element-button\" href=\"http:\/\/www.ville-blanzat.fr\/wp-content\/uploads\/2022\/04\/2022.Pre\u0301sentation-standard-communes.pdf\">T\u00e9l\u00e9charger le programme<\/a><\/div>\n<\/div>\n\n\n\n<p><\/p>\n\n\n\n<p class=\"has-text-align-center\">Retrouvez ci-joint les d\u00e9tails de la <strong>fiche communale de Blanzat<\/strong> concernant le Programme Local de l&rsquo;Habitat.<\/p>\n\n\n\n<div class=\"wp-block-buttons is-content-justification-center is-layout-flex wp-container-core-buttons-is-layout-2 wp-block-buttons-is-layout-flex\">\n<div class=\"wp-block-button animated backInUp\"><a class=\"wp-block-button__link has-accent-1-background-color has-background wp-element-button\" href=\"http:\/\/www.ville-blanzat.fr\/wp-content\/uploads\/2022\/04\/Blanzat-V.-17.03.22.pdf\">T\u00e9l\u00e9charger la fiche communale<\/a><\/div>\n<\/div>\n","protected":false},"excerpt":{"rendered":"<p>Actualit\u00e9s Sociales Les permanences en mairie Madame DARGON, Adjointe action sociale et solidarit\u00e9, tient une permanence chaque vendredi apr\u00e8s-midi sur rendez-vous au 04 73 87 40 40 afin de rencontrer les blanzatois-es rencontrant des difficult\u00e9s. Les assistantes sociales accueillent sur rendez-vous en appelant au 04 73 16 62 00. Centre &hellip;<\/p>\n","protected":false},"author":1,"featured_media":553,"parent":241,"menu_order":0,"comment_status":"closed","ping_status":"closed","template":"","meta":{"footnotes":""},"class_list":["post-291","page","type-page","status-publish","has-post-thumbnail","hentry"],"aioseo_notices":[],"_links":{"self":[{"href":"https:\/\/www.ville-blanzat.fr\/index.php\/wp-json\/wp\/v2\/pages\/291","targetHints":{"allow":["GET"]}}],"collection":[{"href":"https:\/\/www.ville-blanzat.fr\/index.php\/wp-json\/wp\/v2\/pages"}],"about":[{"href":"https:\/\/www.ville-blanzat.fr\/index.php\/wp-json\/wp\/v2\/types\/page"}],"author":[{"embeddable":true,"href":"https:\/\/www.ville-blanzat.fr\/index.php\/wp-json\/wp\/v2\/users\/1"}],"replies":[{"embeddable":true,"href":"https:\/\/www.ville-blanzat.fr\/index.php\/wp-json\/wp\/v2\/comments?post=291"}],"version-history":[{"count":45,"href":"https:\/\/www.ville-blanzat.fr\/index.php\/wp-json\/wp\/v2\/pages\/291\/revisions"}],"predecessor-version":[{"id":10646,"href":"https:\/\/www.ville-blanzat.fr\/index.php\/wp-json\/wp\/v2\/pages\/291\/revisions\/10646"}],"up":[{"embeddable":true,"href":"https:\/\/www.ville-blanzat.fr\/index.php\/wp-json\/wp\/v2\/pages\/241"}],"wp:featuredmedia":[{"embeddable":true,"href":"https:\/\/www.ville-blanzat.fr\/index.php\/wp-json\/wp\/v2\/media\/553"}],"wp:attachment":[{"href":"https:\/\/www.ville-blanzat.fr\/index.php\/wp-json\/wp\/v2\/media?parent=291"}],"curies":[{"name":"wp","href":"https:\/\/api.w.org\/{rel}","templated":true}]}}