{"id":3339,"date":"2020-02-18T10:17:31","date_gmt":"2020-02-18T09:17:31","guid":{"rendered":"http:\/\/www.ville-blanzat.fr\/?page_id=3339"},"modified":"2024-04-29T15:03:55","modified_gmt":"2024-04-29T13:03:55","slug":"complexe-sportif","status":"publish","type":"page","link":"https:\/\/www.ville-blanzat.fr\/index.php\/complexe-sportif\/","title":{"rendered":"COMPLEXE SPORTIF"},"content":{"rendered":"<div id=\"metaslider-id-8212\" style=\"width: 100%; margin: 0 auto;\" class=\"ml-slider-3-108-0 metaslider metaslider-flex metaslider-8212 ml-slider has-carousel-mode ms-theme-default nav-hidden\" role=\"region\" aria-label=\"Complexe sportif\" data-height=\"300\" data-width=\"700\">\n    <div id=\"metaslider_container_8212\">\n        <div id=\"metaslider_8212\">\n            <ul class='slides'>\n                <li style=\"display: none; width: 100%;\" class=\"slide-8225 ms-image \" aria-roledescription=\"slide\" data-date=\"2024-04-18 11:27:57\" data-filename=\"DJI_0004-1024x768-1-700x300.jpg\" data-slide-type=\"image\"><img fetchpriority=\"high\" decoding=\"async\" src=\"https:\/\/www.ville-blanzat.fr\/wp-content\/uploads\/2024\/04\/DJI_0004-1024x768-1-700x300.jpg\" height=\"300\" width=\"700\" alt=\"\" class=\"slider-8212 slide-8225 msDefaultImage\" title=\"DJI_0004-1024x768\" \/><\/li>\n                <li style=\"display: none; width: 100%;\" class=\"slide-8226 ms-image \" aria-roledescription=\"slide\" data-date=\"2024-04-18 11:27:59\" data-filename=\"DJI_0020-1536x1152-1-700x300.jpg\" data-slide-type=\"image\"><img decoding=\"async\" src=\"https:\/\/www.ville-blanzat.fr\/wp-content\/uploads\/2024\/04\/DJI_0020-1536x1152-1-700x300.jpg\" height=\"300\" width=\"700\" alt=\"\" class=\"slider-8212 slide-8226 msDefaultImage\" title=\"DJI_0020-1536x1152\" \/><\/li>\n                <li style=\"display: none; width: 100%;\" class=\"slide-8227 ms-image \" aria-roledescription=\"slide\" data-date=\"2024-04-18 11:28:01\" data-filename=\"DJI_0021-1536x1152-1-700x300.jpg\" data-slide-type=\"image\"><img decoding=\"async\" src=\"https:\/\/www.ville-blanzat.fr\/wp-content\/uploads\/2024\/04\/DJI_0021-1536x1152-1-700x300.jpg\" height=\"300\" width=\"700\" alt=\"\" class=\"slider-8212 slide-8227 msDefaultImage\" title=\"DJI_0021-1536x1152\" \/><\/li>\n                <li style=\"display: none; width: 100%;\" class=\"slide-8228 ms-image \" aria-roledescription=\"slide\" data-date=\"2024-04-18 11:28:03\" data-filename=\"DJI_0209-1320x990-1-700x300.jpg\" data-slide-type=\"image\"><img loading=\"lazy\" decoding=\"async\" src=\"https:\/\/www.ville-blanzat.fr\/wp-content\/uploads\/2024\/04\/DJI_0209-1320x990-1-700x300.jpg\" height=\"300\" width=\"700\" alt=\"\" class=\"slider-8212 slide-8228 msDefaultImage\" title=\"DJI_0209-1320x990\" \/><\/li>\n                <li style=\"display: none; width: 100%;\" class=\"slide-8236 ms-image \" aria-roledescription=\"slide\" data-date=\"2024-04-18 11:29:32\" data-filename=\"DJI_0002-1536x1152-2-700x300.jpg\" data-slide-type=\"image\"><img loading=\"lazy\" decoding=\"async\" src=\"https:\/\/www.ville-blanzat.fr\/wp-content\/uploads\/2024\/04\/DJI_0002-1536x1152-2-700x300.jpg\" height=\"300\" width=\"700\" alt=\"\" class=\"slider-8212 slide-8236 msDefaultImage\" title=\"DJI_0002-1536x1152\" \/><\/li>\n                <li style=\"display: none; width: 100%;\" class=\"slide-8238 ms-image \" aria-roledescription=\"slide\" data-date=\"2024-04-18 11:29:37\" data-filename=\"DJI_0020-1536x1152-2-700x300.jpg\" data-slide-type=\"image\"><img loading=\"lazy\" decoding=\"async\" src=\"https:\/\/www.ville-blanzat.fr\/wp-content\/uploads\/2024\/04\/DJI_0020-1536x1152-2-700x300.jpg\" height=\"300\" width=\"700\" alt=\"\" class=\"slider-8212 slide-8238 msDefaultImage\" title=\"DJI_0020-1536x1152\" \/><\/li>\n                <li style=\"display: none; width: 100%;\" class=\"slide-8239 ms-image \" aria-roledescription=\"slide\" data-date=\"2024-04-18 11:29:39\" data-filename=\"DJI_0021-1536x1152-2-700x300.jpg\" data-slide-type=\"image\"><img loading=\"lazy\" decoding=\"async\" src=\"https:\/\/www.ville-blanzat.fr\/wp-content\/uploads\/2024\/04\/DJI_0021-1536x1152-2-700x300.jpg\" height=\"300\" width=\"700\" alt=\"\" class=\"slider-8212 slide-8239 msDefaultImage\" title=\"DJI_0021-1536x1152\" \/><\/li>\n                <li style=\"display: none; width: 100%;\" class=\"slide-8240 ms-image \" aria-roledescription=\"slide\" data-date=\"2024-04-18 11:29:41\" data-filename=\"DJI_0209-1320x990-2-700x300.jpg\" data-slide-type=\"image\"><img loading=\"lazy\" decoding=\"async\" src=\"https:\/\/www.ville-blanzat.fr\/wp-content\/uploads\/2024\/04\/DJI_0209-1320x990-2-700x300.jpg\" height=\"300\" width=\"700\" alt=\"\" class=\"slider-8212 slide-8240 msDefaultImage\" title=\"DJI_0209-1320x990\" \/><\/li>\n                <li style=\"display: none; width: 100%;\" class=\"slide-8241 ms-image \" aria-roledescription=\"slide\" data-date=\"2024-04-18 11:29:43\" data-filename=\"P1170958-1024x576-4-700x300.jpg\" data-slide-type=\"image\"><img loading=\"lazy\" decoding=\"async\" src=\"https:\/\/www.ville-blanzat.fr\/wp-content\/uploads\/2024\/04\/P1170958-1024x576-4-700x300.jpg\" height=\"300\" width=\"700\" alt=\"\" class=\"slider-8212 slide-8241 msDefaultImage\" title=\"P1170958-1024x576\" \/><\/li>\n            <\/ul>\n        <\/div>\n        \n    <\/div>\n<\/div>\n\n\n\n<div style=\"height:100px\" aria-hidden=\"true\" class=\"wp-block-spacer\"><\/div>\n\n\n\n<h2 class=\"wp-block-heading has-text-align-center animated fadeIn delay-500ms\"><strong>Explorez le Complexe Sportif de la Croix Saint G\u00e9raud<\/strong><\/h2>\n\n\n\n<p class=\"has-text-align-center\">Le complexe sportif de la croix Saint G\u00e9raud est \u00e9quip\u00e9 d&rsquo;une salle omnisports, de 3 vestiaires, d&rsquo;un terrain de rugby, de 3 terrains de foot, ainsi que 2 cours de tennis.<\/p>\n\n\n\n<p class=\"has-text-align-center\">D&rsquo;une surface totale de 60000m\u00b2, le Complexe Sportif de la Croix Saint G\u00e9raud dispose de 35 places de parking, de 2 places de parking handicap\u00e9s.<\/p>\n\n\n\n<p class=\"has-text-align-center\">Blanzat est une commune anim\u00e9e qui b\u00e9n\u00e9ficie d\u2019une vie associative importante.<\/p>\n\n\n\n<p class=\"has-text-align-center\">La Ville de Blanzat met tout en \u0153uvre pour entretenir ses \u00e9quipements et offrir soutien et accompagnement aux b\u00e9n\u00e9voles qui s\u2019engagent pour offrir divers services aux Blanzatois.<\/p>\n","protected":false},"excerpt":{"rendered":"<p>Explorez le Complexe Sportif de la Croix Saint G\u00e9raud Le complexe sportif de la croix Saint G\u00e9raud est \u00e9quip\u00e9 d&rsquo;une salle omnisports, de 3 vestiaires, d&rsquo;un terrain de rugby, de 3 terrains de foot, ainsi que 2 cours de tennis. D&rsquo;une surface totale de 60000m\u00b2, le Complexe Sportif de la &hellip;<\/p>\n","protected":false},"author":1,"featured_media":0,"parent":0,"menu_order":0,"comment_status":"closed","ping_status":"closed","template":"","meta":{"footnotes":""},"class_list":["post-3339","page","type-page","status-publish","hentry"],"aioseo_notices":[],"_links":{"self":[{"href":"https:\/\/www.ville-blanzat.fr\/index.php\/wp-json\/wp\/v2\/pages\/3339","targetHints":{"allow":["GET"]}}],"collection":[{"href":"https:\/\/www.ville-blanzat.fr\/index.php\/wp-json\/wp\/v2\/pages"}],"about":[{"href":"https:\/\/www.ville-blanzat.fr\/index.php\/wp-json\/wp\/v2\/types\/page"}],"author":[{"embeddable":true,"href":"https:\/\/www.ville-blanzat.fr\/index.php\/wp-json\/wp\/v2\/users\/1"}],"replies":[{"embeddable":true,"href":"https:\/\/www.ville-blanzat.fr\/index.php\/wp-json\/wp\/v2\/comments?post=3339"}],"version-history":[{"count":18,"href":"https:\/\/www.ville-blanzat.fr\/index.php\/wp-json\/wp\/v2\/pages\/3339\/revisions"}],"predecessor-version":[{"id":8655,"href":"https:\/\/www.ville-blanzat.fr\/index.php\/wp-json\/wp\/v2\/pages\/3339\/revisions\/8655"}],"wp:attachment":[{"href":"https:\/\/www.ville-blanzat.fr\/index.php\/wp-json\/wp\/v2\/media?parent=3339"}],"curies":[{"name":"wp","href":"https:\/\/api.w.org\/{rel}","templated":true}]}}