{"id":433,"date":"2017-04-25T13:43:50","date_gmt":"2017-04-25T11:43:50","guid":{"rendered":"http:\/\/ww2.ville-blanzat.fr\/?page_id=433"},"modified":"2025-09-08T15:12:54","modified_gmt":"2025-09-08T13:12:54","slug":"associations","status":"publish","type":"page","link":"https:\/\/www.ville-blanzat.fr\/index.php\/associations\/","title":{"rendered":"ASSOCIATIONS"},"content":{"rendered":"\n<p><strong><mark style=\"background-color:rgba(0, 0, 0, 0);color:#ff0000\" class=\"has-inline-color\">AMICALE DES COUREURS DE FOND D\u2019AUVERGNE<br><\/mark><\/strong>PR\u00c9SIDENTS : Olivier AGARD et Jacques DE LESCURE<br>149 rue de la R\u00e9publique 63112 BLANZAT<br><a href=\"mailto:acfa.ca@laposte.net\">amicale.acfa63@gmail.com<\/a><br><a href=\"https:\/\/www.acfa-auvergne.fr\/\">https:\/\/www.acfa-auvergne.fr\/<\/a><\/p>\n\n\n\n<p><strong><mark style=\"background-color:rgba(0, 0, 0, 0);color:#ff0000\" class=\"has-inline-color\">AMICALE DES SAPEURS POMPIERS<br><\/mark><\/strong>PR\u00c9SIDENT : LAURENT MUETTON<br><a href=\"amicale.sp.blanzat@outlook.fr\">amicale.sp.blanzat@outlook.fr<\/a><\/p>\n\n\n\n<p><strong><mark style=\"background-color:rgba(0, 0, 0, 0);color:#ff0000\" class=\"has-inline-color\">AMICALE LA\u00cfQUE<br><\/mark><\/strong>PR\u00c9SIDENTE : SONIA DA SILVA<br><a href=\"mailto:amicalelaique.blanzat@gmail.com\">amicalelaique.blanzat@gmail.com<\/a><\/p>\n\n\n\n<p><strong><mark style=\"background-color:rgba(0, 0, 0, 0);color:#ff0000\" class=\"has-inline-color\">ARCHERS BLANZATOIS<br><\/mark><\/strong>PR\u00c9SIDENT : ANTONIO FELIX<br><a href=\"mailto:lesarchersblanzatois@gmail.com\" target=\"_blank\" rel=\"noreferrer noopener\">lesarchersblanzatois@gmail.com<\/a><br><a href=\"https:\/\/lesarchersblanzatois.s2.yapla.com\/fr\">https:\/\/lesarchersblanzatois.s2.yapla.com\/fr<\/a><br><a href=\"https:\/\/www.facebook.com\/lesarchersblanzatois\">https:\/\/fb.me\/lesarchersblanzatois<\/a><\/p>\n\n\n\n<p><strong><mark style=\"background-color:rgba(0, 0, 0, 0);color:#ff0000\" class=\"has-inline-color\">AVALBEN<\/mark><\/strong><br>COLLECTIF D&rsquo;ADMINISTRATION<br><a href=\"mailto:asso.valben@gmail.com\">asso.valben@gmail.com<\/a><\/p>\n\n\n\n<p><strong><mark style=\"background-color:rgba(0, 0, 0, 0);color:#ff0000\" class=\"has-inline-color\">BLANZAT ATHLETIC CLUB RUGBY<br><\/mark><\/strong>PR\u00c9SIDENT : LAURENT RABETTE<br><a href=\"mailto:lbrabette63112@gmail.com\" target=\"_blank\" rel=\"noreferrer noopener\">lbrabette63112@gmail.com<\/a><br><a href=\"https:\/\/www.facebook.com\/BlanzatAC\/\">https:\/\/www.facebook.com\/BlanzatAC\/<\/a><\/p>\n\n\n\n<p><strong><mark style=\"background-color:rgba(0, 0, 0, 0);color:#ff0000\" class=\"has-inline-color\">BLANZAT BADMINTON CLUB<br><\/mark><\/strong>PR\u00c9SIDENT : DIDIER RUILHE<br><a href=\"mailto:blanzatbad@gmail.com\" target=\"_blank\" rel=\"noreferrer noopener\">blanzatbad@gmail.com<\/a><br><a href=\"http:\/\/www.blanzat-badminton.fr\/\">http:\/\/www.blanzat-badminton.fr\/<\/a><\/p>\n\n\n\n<p><strong><mark style=\"background-color:rgba(0, 0, 0, 0);color:#ff0000\" class=\"has-inline-color\">BLANZAT RACONTE MOI UNE HISTOIRE<br><\/mark><\/strong>PR\u00c9SIDENTE : DANIELLE PASCUAL<br>06 52 41 34 06<br><a href=\"mailto:blanzatracontemoib@gmail.com\">blanzatracontemoib@gmail.com<\/a><br><a href=\"https:\/\/www.facebook.com\/profile.php?id=100071264025796\" title=\"\">facebook<\/a><\/p>\n\n\n\n<p><strong><mark style=\"background-color:rgba(0, 0, 0, 0);color:#ff0000\" class=\"has-inline-color\">CHOEUR AMERICANTO<br><\/mark><\/strong>PR\u00c9SIDENT : SALVADOR ENCINAS<br><a href=\"mailto:salvaencinas@aol.com\">salvaencinas@aol.com<\/a><\/p>\n\n\n\n<p><mark style=\"background-color:rgba(0, 0, 0, 0);color:#ff0000\" class=\"has-inline-color\"><strong>DONNEURS DE SANG<\/strong><br><\/mark>PR\u00c9SIDENT : MICHEL MAGOUTIER<br><a href=\"mailto:dondusang.cebazat@gmail.com\">dondusang.cebazat@gmail.com<\/a><\/p>\n\n\n\n<p><strong><mark style=\"background-color:rgba(0, 0, 0, 0);color:#ff0000\" class=\"has-inline-color\">ECLIPSE<\/mark><\/strong><br>PR\u00c9SIDENT : ERIC KUTI<br><a href=\"mailto:erickuti@live.fr\">erickuti@live.fr<\/a><\/p>\n\n\n\n<p><strong><mark style=\"background-color:rgba(0, 0, 0, 0);color:#ff0000\" class=\"has-inline-color\">FOOTBALL CLUB BLANZAT<br><\/mark><\/strong>PR\u00c9SIDENT : Fabien PAIN<br><a href=\"mailto:fabienpain@orange.fr\">fabienpain@orange.fr<\/a><\/p>\n\n\n\n<p><strong><mark style=\"background-color:rgba(0, 0, 0, 0);color:#ff0000\" class=\"has-inline-color\">FOYER RURAL<br><\/mark><\/strong>PR\u00c9SIDENTS : PIERRETTE DESNAULT, PHILIPPE CORNET, FRANCIS MENNETEAU<br><a href=\"mailto:frblanzat@wanadoo.fr\" target=\"_blank\" rel=\"noreferrer noopener\">frblanzat@wanadoo.fr<\/a><br><a href=\"http:\/\/foyerruraldeblanzat.fr\/\">http:\/\/foyerruraldeblanzat.fr\/<\/a><br>06 41 94 56 24<\/p>\n\n\n\n<p><strong><mark style=\"background-color:rgba(0, 0, 0, 0);color:#ff0000\" class=\"has-inline-color\">HABITANTS DE LA FONTAINE<\/mark><\/strong><br>PR\u00c9SIDENT : BERNARD BRUGIERE<br><a href=\"mailto:brugiere.b@wanadoo.fr\">brugiere.b@wanadoo.fr<\/a><\/p>\n\n\n\n<p><strong><mark style=\"background-color:rgba(0, 0, 0, 0);color:#ff0000\" class=\"has-inline-color\">HABITANTS DU QUARTIER DE ROCHEFORT<\/mark><\/strong><br>PR\u00c9SIDENT : FRANCIS MENNETEAU<br><a href=\"mailto:f.menneteau@gmail.com\">f.menneteau@gmail.com<\/a><\/p>\n\n\n\n<p><strong><mark style=\"background-color:rgba(0, 0, 0, 0);color:#ff0000\" class=\"has-inline-color\">LA FONTAINE DE VIE<\/mark><\/strong><br>PR\u00c9SIDENTE : VALERIE MAZATAUD<br>04 73 87 42 90<br><a href=\"mailto:contact@ehpadlafontaine.fr\">contact@ehpadlafontaine.fr<\/a><\/p>\n\n\n\n<p><strong><mark style=\"background-color:rgba(0, 0, 0, 0);color:#ff0000\" class=\"has-inline-color\">LE SOUVENIR FRANCAIS<\/mark><\/strong><br>PR\u00c9SIDENT : PIERRE HURIEZ<br><a href=\"mailto:pierre.huriez@orange.fr\">pierre.huriez@orange.fr<\/a><\/p>\n\n\n\n<p><strong><mark style=\"background-color:rgba(0, 0, 0, 0);color:#ff0000\" class=\"has-inline-color\">LES PARENTS D&rsquo;ELEVES<\/mark><\/strong><br>PR\u00c9SIDENTE : ADELA\u00cfDE REYES<br><a href=\"mailto:assoparentseleves63112@gmail.com\" target=\"_blank\" rel=\"noreferrer noopener\">assoparentseleves63112@gmail.com<\/a><\/p>\n\n\n\n<p><strong><mark style=\"background-color:rgba(0, 0, 0, 0);color:#ff0000\" class=\"has-inline-color\">LES AMIS DE LA MUSCADE<\/mark><\/strong><br>PR\u00c9SIDENT : BERNARD VILLEBRUN<br><a href=\"mailto:bernard.villebrun@gmail.com\" target=\"_blank\" rel=\"noreferrer noopener\">bernard.villebrun@gmail.com<\/a><\/p>\n\n\n\n<p><strong><mark style=\"background-color:rgba(0, 0, 0, 0);color:#ff0000\" class=\"has-inline-color\">LES PETITES FRIMOUSSES<\/mark><\/strong><br>PR\u00c9SIDENTE : SYLIVE GARCIA<br><a href=\"mailto:lespetitesfrimousses.assos@gmail.com\" target=\"_blank\" rel=\"noreferrer noopener\">lespetitesfrimousses.assos@gmail.com<\/a><\/p>\n\n\n\n<p><strong><mark style=\"background-color:rgba(0, 0, 0, 0);color:#ff0000\" class=\"has-inline-color\">MULTI ACCUEIL PAIN D&rsquo;EPICES<br><\/mark><\/strong>PR\u00c9SIDENTE : CAMILLE MARAND<br><a href=\"mailto:multiaccueilpaindepices@outlook.fr\" target=\"_blank\" rel=\"noreferrer noopener\">multiaccueilpaindepices@outlook.fr<\/a><\/p>\n\n\n\n<p><strong><mark style=\"background-color:rgba(0, 0, 0, 0);color:#ff0000\" class=\"has-inline-color\">PERFECT MUY THAI<br><\/mark><\/strong>PRESIDENT : MARCEL DO NASCIMIENTO<br><a href=\"mailto:deune63@hotmail.fr\">deune63@hotmail.fr<\/a><\/p>\n\n\n\n<p><strong><mark style=\"background-color:rgba(0, 0, 0, 0);color:#ff0000\" class=\"has-inline-color\">PERSONNEL COMMUNAL<br><\/mark><\/strong>PRESIDENTE : MYRIAM PICHOIR<br><a href=\"mailto:deune63@hotmail.fr\">m.pichoir@ville-blanzat.fr<\/a><\/p>\n\n\n\n<p><strong><mark style=\"background-color:rgba(0, 0, 0, 0);color:#ff0000\" class=\"has-inline-color\">QUARTIER DE LA CASCADE<\/mark><\/strong><br>PR\u00c9SIDENTE : GERALDINE CARRIAS<\/p>\n\n\n\n<p><strong><mark style=\"background-color:rgba(0, 0, 0, 0);color:#ff0000\" class=\"has-inline-color\">RACHELLE HAMON COMPAGNIE<br><\/mark><\/strong>PRESIDENTE : AMELIE RABAT<br><a href=\"mailto:rachellehamon@hotmail.com\">rachellehamon@hotmail.com<\/a><\/p>\n\n\n\n<p><strong><mark style=\"background-color:rgba(0, 0, 0, 0);color:#ff0000\" class=\"has-inline-color\">RUE DES GRAPHEME<br><\/mark><\/strong>PRESIDENT : MAURICE VIGIER<br><a href=\"mailto:ruedesgraphemes@free.fr\">ruedesgraphemes@free.fr<\/a><\/p>\n\n\n\n<p><strong><mark style=\"background-color:rgba(0, 0, 0, 0);color:#ff0000\" class=\"has-inline-color\">SECOURS CATHOLIQUE CEBAZAT\/BLANZAT<br><\/mark><\/strong>PR\u00c9SIDENTE : JEANNE FRANCE MALERGUE<\/p>\n\n\n\n<p><strong><mark style=\"background-color:rgba(0, 0, 0, 0);color:#ff0000\" class=\"has-inline-color\">SOCIETE DE CHASSE<\/mark><\/strong><br>PR\u00c9SIDENT : MANUEL ESTEVES<br><a href=\"mailto:estevesmanuel685@gmail.com\">estevesmanuel685@gmail.com<\/a><\/p>\n\n\n\n<p><strong><mark style=\"background-color:rgba(0, 0, 0, 0);color:#ff0000\" class=\"has-inline-color\">SOCIETE DE PECHE AAPPMA \u00ab&nbsp;LA VALEE DU BEDAT\u00bb<\/mark><\/strong><br>PR\u00c9SIDENT : JACQUES BERGER<br><a href=\"mailto:m-vallee-du-bedat@orange.fr\" target=\"_blank\" rel=\"noreferrer noopener\">m-vallee-du-bedat@orange.fr<br>bergerjacques2585@free.fr<\/a><\/p>\n\n\n\n<p><strong><mark style=\"background-color:rgba(0, 0, 0, 0);color:#ff0000\" class=\"has-inline-color\">SOCIETE DE PETANQUE<\/mark><\/strong><br>PR\u00c9SIDENT : DAMIEN GUILLAUMIN<br><a href=\"mailto:petanqueblanzat@gmail.com\" target=\"_blank\" rel=\"noreferrer noopener\">petanqueblanzat@gmail.com<\/a><\/p>\n\n\n\n<p><strong><mark style=\"background-color:rgba(0, 0, 0, 0);color:#ff0000\" class=\"has-inline-color\">UNION NATIONALE DES ANCIENS COMBATTANTS<br><\/mark><\/strong>PR\u00c9SIDENT : JOACHIM PEREZ<\/p>\n\n\n\n<p><strong><mark style=\"background-color:rgba(0, 0, 0, 0);color:#ff0000\" class=\"has-inline-color\">VOLCANIMO<br><\/mark><\/strong>PR\u00c9SIDENTE : TYPHANIE GROLET<br><a href=\"mailto:volcanimo@gmail.com\">volcanimo@gmail.com<\/a><\/p>\n\n\n\n<p><strong><mark style=\"background-color:rgba(0, 0, 0, 0);color:#ff0000\" class=\"has-inline-color\">COMITE DEPARTEMENTAL DE SPORT ADAPTE 03\/63<br><\/mark><\/strong>PR\u00c9SIDENTE : Justine PERRETTE<br><a href=\"mailto:j.pierrette.cdsao363@gmail.com\">j.pierrette.cdsao363@gmail.com<\/a><\/p>\n\n\n\n<p><strong><mark style=\"background-color:rgba(0, 0, 0, 0);color:#ff0000\" class=\"has-inline-color\">UNICEF<br><\/mark><\/strong>PR\u00c9SIDENTE : Danielle PASCUAL<br><a href=\"mailto:pascual.danielle@free.fr\">pascual.danielle@free.fr<\/a><\/p>\n","protected":false},"excerpt":{"rendered":"<p>AMICALE DES COUREURS DE FOND D\u2019AUVERGNEPR\u00c9SIDENTS : Olivier AGARD et Jacques DE LESCURE149 rue de la R\u00e9publique 63112 BLANZATamicale.acfa63@gmail.comhttps:\/\/www.acfa-auvergne.fr\/ AMICALE DES SAPEURS POMPIERSPR\u00c9SIDENT : LAURENT MUETTONamicale.sp.blanzat@outlook.fr AMICALE LA\u00cfQUEPR\u00c9SIDENTE : SONIA DA SILVAamicalelaique.blanzat@gmail.com ARCHERS BLANZATOISPR\u00c9SIDENT : ANTONIO FELIXlesarchersblanzatois@gmail.comhttps:\/\/lesarchersblanzatois.s2.yapla.com\/frhttps:\/\/fb.me\/lesarchersblanzatois AVALBENCOLLECTIF D&rsquo;ADMINISTRATIONasso.valben@gmail.com BLANZAT ATHLETIC CLUB RUGBYPR\u00c9SIDENT : LAURENT RABETTElbrabette63112@gmail.comhttps:\/\/www.facebook.com\/BlanzatAC\/ BLANZAT BADMINTON CLUBPR\u00c9SIDENT : &hellip;<\/p>\n","protected":false},"author":1,"featured_media":7851,"parent":0,"menu_order":0,"comment_status":"closed","ping_status":"closed","template":"","meta":{"footnotes":""},"class_list":["post-433","page","type-page","status-publish","has-post-thumbnail","hentry"],"aioseo_notices":[],"_links":{"self":[{"href":"https:\/\/www.ville-blanzat.fr\/index.php\/wp-json\/wp\/v2\/pages\/433","targetHints":{"allow":["GET"]}}],"collection":[{"href":"https:\/\/www.ville-blanzat.fr\/index.php\/wp-json\/wp\/v2\/pages"}],"about":[{"href":"https:\/\/www.ville-blanzat.fr\/index.php\/wp-json\/wp\/v2\/types\/page"}],"author":[{"embeddable":true,"href":"https:\/\/www.ville-blanzat.fr\/index.php\/wp-json\/wp\/v2\/users\/1"}],"replies":[{"embeddable":true,"href":"https:\/\/www.ville-blanzat.fr\/index.php\/wp-json\/wp\/v2\/comments?post=433"}],"version-history":[{"count":54,"href":"https:\/\/www.ville-blanzat.fr\/index.php\/wp-json\/wp\/v2\/pages\/433\/revisions"}],"predecessor-version":[{"id":9972,"href":"https:\/\/www.ville-blanzat.fr\/index.php\/wp-json\/wp\/v2\/pages\/433\/revisions\/9972"}],"wp:featuredmedia":[{"embeddable":true,"href":"https:\/\/www.ville-blanzat.fr\/index.php\/wp-json\/wp\/v2\/media\/7851"}],"wp:attachment":[{"href":"https:\/\/www.ville-blanzat.fr\/index.php\/wp-json\/wp\/v2\/media?parent=433"}],"curies":[{"name":"wp","href":"https:\/\/api.w.org\/{rel}","templated":true}]}}