{"id":454,"date":"2017-04-25T13:59:41","date_gmt":"2017-04-25T11:59:41","guid":{"rendered":"http:\/\/ww2.ville-blanzat.fr\/?page_id=454"},"modified":"2024-04-23T15:00:27","modified_gmt":"2024-04-23T13:00:27","slug":"enfance-jeunesse","status":"publish","type":"page","link":"https:\/\/www.ville-blanzat.fr\/index.php\/enfance-jeunesse\/","title":{"rendered":"ENFANCE JEUNESSE"},"content":{"rendered":"\n<div class=\"wp-block-media-text alignwide is-stacked-on-mobile is-vertically-aligned-center is-image-fill\" style=\"grid-template-columns:56% auto\"><figure class=\"wp-block-media-text__media\" style=\"background-image:url(https:\/\/www.ville-blanzat.fr\/wp-content\/uploads\/2024\/04\/Capture-decran-2024-04-16-104753-1024x690.png);background-position:43% 11%\"><img fetchpriority=\"high\" decoding=\"async\" width=\"1024\" height=\"690\" src=\"https:\/\/www.ville-blanzat.fr\/wp-content\/uploads\/2024\/04\/Capture-decran-2024-04-16-104753-1024x690.png\" alt=\"\" class=\"wp-image-8087 size-full\" srcset=\"https:\/\/www.ville-blanzat.fr\/wp-content\/uploads\/2024\/04\/Capture-decran-2024-04-16-104753-1024x690.png 1024w, https:\/\/www.ville-blanzat.fr\/wp-content\/uploads\/2024\/04\/Capture-decran-2024-04-16-104753-300x202.png 300w, https:\/\/www.ville-blanzat.fr\/wp-content\/uploads\/2024\/04\/Capture-decran-2024-04-16-104753-768x518.png 768w, https:\/\/www.ville-blanzat.fr\/wp-content\/uploads\/2024\/04\/Capture-decran-2024-04-16-104753-297x200.png 297w, https:\/\/www.ville-blanzat.fr\/wp-content\/uploads\/2024\/04\/Capture-decran-2024-04-16-104753.png 1090w\" sizes=\"(max-width: 1024px) 100vw, 1024px\" \/><\/figure><div class=\"wp-block-media-text__content\">\n<h2 class=\"wp-block-heading animated zoomIn has-text-color\" style=\"color:#000000;font-size:32px\"><strong><strong><strong><strong><strong>CENTRE DE LOISIRS<\/strong><\/strong><\/strong><\/strong><\/strong><\/h2>\n\n\n\n<p class=\"has-text-color\" style=\"color:#000000;font-size:17px\">D\u00e9couvrez ici les activit\u00e9s ludiques et \u00e9ducatives propos\u00e9es pour divertir et enrichir les journ\u00e9es de vos enfants pendant les vacances scolaires.<\/p>\n\n\n\n<div class=\"wp-block-buttons is-layout-flex wp-block-buttons-is-layout-flex\">\n<div class=\"wp-block-button is-style-fill\"><a class=\"wp-block-button__link wp-element-button\" href=\"https:\/\/www.ville-blanzat.fr\/index.php\/centre-de-loisirs\/\">EN SAVOIR PLUS<\/a><\/div>\n<\/div>\n<\/div><\/div>\n\n\n\n<div style=\"height:100px\" aria-hidden=\"true\" class=\"wp-block-spacer\"><\/div>\n\n\n\n<div class=\"wp-block-media-text alignwide is-stacked-on-mobile is-vertically-aligned-center is-image-fill\" style=\"grid-template-columns:56% auto\"><figure class=\"wp-block-media-text__media\" style=\"background-image:url(https:\/\/www.ville-blanzat.fr\/wp-content\/uploads\/2024\/04\/Capture-decran-2024-04-16-105641-1024x678.png);background-position:50% 50%\"><img decoding=\"async\" width=\"1024\" height=\"678\" src=\"https:\/\/www.ville-blanzat.fr\/wp-content\/uploads\/2024\/04\/Capture-decran-2024-04-16-105641-1024x678.png\" alt=\"\" class=\"wp-image-8092 size-full\" srcset=\"https:\/\/www.ville-blanzat.fr\/wp-content\/uploads\/2024\/04\/Capture-decran-2024-04-16-105641-1024x678.png 1024w, https:\/\/www.ville-blanzat.fr\/wp-content\/uploads\/2024\/04\/Capture-decran-2024-04-16-105641-300x200.png 300w, https:\/\/www.ville-blanzat.fr\/wp-content\/uploads\/2024\/04\/Capture-decran-2024-04-16-105641-768x508.png 768w, https:\/\/www.ville-blanzat.fr\/wp-content\/uploads\/2024\/04\/Capture-decran-2024-04-16-105641-302x200.png 302w, https:\/\/www.ville-blanzat.fr\/wp-content\/uploads\/2024\/04\/Capture-decran-2024-04-16-105641.png 1138w\" sizes=\"(max-width: 1024px) 100vw, 1024px\" \/><\/figure><div class=\"wp-block-media-text__content\">\n<h2 class=\"wp-block-heading animated zoomIn has-text-color\" style=\"color:#000000;font-size:32px\"><strong><strong><strong><a href=\"https:\/\/www.ville-blanzat.fr\/index.php\/acte-de-deces\/\"><\/a><strong><strong>CENTRE DE LOISIR<\/strong><\/strong><\/strong><\/strong><\/strong> <strong>PERI-SCOLAIRE<\/strong><\/h2>\n\n\n\n<p class=\"has-text-color\" style=\"color:#000000;font-size:17px\">D\u00e9couvrez ici les services et les activit\u00e9s propos\u00e9s pour accompagner les enfants en dehors des heures de classe.<\/p>\n\n\n\n<div class=\"wp-block-buttons is-layout-flex wp-block-buttons-is-layout-flex\">\n<div class=\"wp-block-button is-style-fill\"><a class=\"wp-block-button__link wp-element-button\" href=\"https:\/\/www.ville-blanzat.fr\/index.php\/centre-de-loisirs-peri-scolaire\/\">EN SAVOIR PLUS<\/a><\/div>\n<\/div>\n<\/div><\/div>\n\n\n\n<div style=\"height:100px\" aria-hidden=\"true\" class=\"wp-block-spacer\"><\/div>\n\n\n\n<div class=\"wp-block-media-text alignwide is-stacked-on-mobile is-vertically-aligned-center is-image-fill\" style=\"grid-template-columns:56% auto\"><figure class=\"wp-block-media-text__media\" style=\"background-image:url(https:\/\/www.ville-blanzat.fr\/wp-content\/uploads\/2024\/04\/Capture-decran-2024-04-16-105011-1024x678.png);background-position:50% 50%\"><img decoding=\"async\" width=\"1024\" height=\"678\" src=\"https:\/\/www.ville-blanzat.fr\/wp-content\/uploads\/2024\/04\/Capture-decran-2024-04-16-105011-1024x678.png\" alt=\"\" class=\"wp-image-8089 size-full\" srcset=\"https:\/\/www.ville-blanzat.fr\/wp-content\/uploads\/2024\/04\/Capture-decran-2024-04-16-105011-1024x678.png 1024w, https:\/\/www.ville-blanzat.fr\/wp-content\/uploads\/2024\/04\/Capture-decran-2024-04-16-105011-300x200.png 300w, https:\/\/www.ville-blanzat.fr\/wp-content\/uploads\/2024\/04\/Capture-decran-2024-04-16-105011-768x509.png 768w, https:\/\/www.ville-blanzat.fr\/wp-content\/uploads\/2024\/04\/Capture-decran-2024-04-16-105011-302x200.png 302w, https:\/\/www.ville-blanzat.fr\/wp-content\/uploads\/2024\/04\/Capture-decran-2024-04-16-105011.png 1131w\" sizes=\"(max-width: 1024px) 100vw, 1024px\" \/><\/figure><div class=\"wp-block-media-text__content\">\n<h2 class=\"wp-block-heading animated zoomIn has-text-color\" style=\"color:#000000;font-size:32px\"><strong><strong><strong><a href=\"https:\/\/www.ville-blanzat.fr\/index.php\/acte-de-deces\/\"><\/a><strong><strong>MULTI-ACCUEIL PAIN D&rsquo;EPICE<\/strong><\/strong><\/strong><\/strong><\/strong><\/h2>\n\n\n\n<p class=\"has-text-color\" style=\"color:#000000;font-size:17px\">D\u00e9couvrez ici les services de notre structure d&rsquo;accueil pour les enfants de 3 mois \u00e0 4 ans et les valeurs qui nous animent dans notre accompagnement \u00e9ducatif.<\/p>\n\n\n\n<div class=\"wp-block-buttons is-layout-flex wp-block-buttons-is-layout-flex\">\n<div class=\"wp-block-button is-style-fill\"><a class=\"wp-block-button__link wp-element-button\" href=\"https:\/\/www.ville-blanzat.fr\/index.php\/hatle-garderie\/\">EN SAVOIR PLUS<\/a><\/div>\n<\/div>\n<\/div><\/div>\n","protected":false},"excerpt":{"rendered":"","protected":false},"author":1,"featured_media":594,"parent":0,"menu_order":0,"comment_status":"closed","ping_status":"closed","template":"","meta":{"footnotes":""},"class_list":["post-454","page","type-page","status-publish","has-post-thumbnail","hentry"],"aioseo_notices":[],"_links":{"self":[{"href":"https:\/\/www.ville-blanzat.fr\/index.php\/wp-json\/wp\/v2\/pages\/454","targetHints":{"allow":["GET"]}}],"collection":[{"href":"https:\/\/www.ville-blanzat.fr\/index.php\/wp-json\/wp\/v2\/pages"}],"about":[{"href":"https:\/\/www.ville-blanzat.fr\/index.php\/wp-json\/wp\/v2\/types\/page"}],"author":[{"embeddable":true,"href":"https:\/\/www.ville-blanzat.fr\/index.php\/wp-json\/wp\/v2\/users\/1"}],"replies":[{"embeddable":true,"href":"https:\/\/www.ville-blanzat.fr\/index.php\/wp-json\/wp\/v2\/comments?post=454"}],"version-history":[{"count":24,"href":"https:\/\/www.ville-blanzat.fr\/index.php\/wp-json\/wp\/v2\/pages\/454\/revisions"}],"predecessor-version":[{"id":8485,"href":"https:\/\/www.ville-blanzat.fr\/index.php\/wp-json\/wp\/v2\/pages\/454\/revisions\/8485"}],"wp:featuredmedia":[{"embeddable":true,"href":"https:\/\/www.ville-blanzat.fr\/index.php\/wp-json\/wp\/v2\/media\/594"}],"wp:attachment":[{"href":"https:\/\/www.ville-blanzat.fr\/index.php\/wp-json\/wp\/v2\/media?parent=454"}],"curies":[{"name":"wp","href":"https:\/\/api.w.org\/{rel}","templated":true}]}}