{"id":646,"date":"2017-04-27T10:53:32","date_gmt":"2017-04-27T08:53:32","guid":{"rendered":"http:\/\/ww2.ville-blanzat.fr\/?page_id=646"},"modified":"2024-04-19T08:53:51","modified_gmt":"2024-04-19T06:53:51","slug":"acte-de-mariage","status":"publish","type":"page","link":"https:\/\/www.ville-blanzat.fr\/index.php\/acte-de-mariage\/","title":{"rendered":"ACTE DE MARIAGE"},"content":{"rendered":"<p><strong>La ville de Blanzat ne peut fournir que les actes des personnes qui se sont mari\u00e9es \u00a0dans la commune. Elle peut les d\u00e9livrer uniquement aux personnes autoris\u00e9es et sur justification de leur identit\u00e9<\/strong>.<\/p>\n<p>A distinguer\u00a0: \u00a0les copies int\u00e9grales et les extraits.<\/p>\n<h2><strong>La copie int\u00e9grale d\u2019acte de mariage<\/strong><\/h2>\n<div class=\"replie\">\n<h3><strong>Qui peut la demander\u00a0?<\/strong><\/h3>\n<ul>\n<li>\n<div>L\u2019int\u00e9ress\u00e9 majeur ou \u00e9mancip\u00e9<\/div>\n<\/li>\n<li>\n<div>Ses ascendants et descendants<\/div>\n<\/li>\n<li>\n<div>L\u2019\u00e9poux ou l\u2019\u00e9pouse<\/div>\n<\/li>\n<li>\n<div>Le repr\u00e9sentant l\u00e9gal\u00a0: parent, tuteur ou curateur<\/div>\n<\/li>\n<li>\n<div>Tout requ\u00e9rant si l\u2019acte a plus de 75 ans ou lorsqu\u2019un d\u00e9lai de 25 ans s\u2019est \u00e9coul\u00e9 depuis le d\u00e9c\u00e8s de l\u2019int\u00e9ress\u00e9<\/div>\n<\/li>\n<\/ul>\n<hr \/>\n<h3><strong>Que comporte-t-elle<\/strong><strong>\u00a0?<\/strong><\/h3>\n<ul type=\"disc\">\n<li>les noms, les pr\u00e9noms, dates et lieux de naissance des \u00e9poux<\/li>\n<li>la date du mariage,<\/li>\n<li>les noms et pr\u00e9noms des p\u00e8re et m\u00e8re, des t\u00e9moins et le contrat de mariage s&rsquo;il y a lieu.<\/li>\n<li>Elle peut \u00e9galement comporter l&rsquo;int\u00e9gration des mentions port\u00e9es sur l&rsquo;acte de mariage (mention du divorce ou de la s\u00e9paration de corps etc.)<\/li>\n<\/ul>\n<\/div>\n","protected":false},"excerpt":{"rendered":"<p>La ville de Blanzat ne peut fournir que les actes des personnes qui se sont mari\u00e9es \u00a0dans la commune. Elle peut les d\u00e9livrer uniquement aux personnes autoris\u00e9es et sur justification de leur identit\u00e9. A distinguer\u00a0: \u00a0les copies int\u00e9grales et les extraits. La copie int\u00e9grale d\u2019acte de mariage Qui peut la &hellip;<\/p>\n","protected":false},"author":1,"featured_media":7718,"parent":0,"menu_order":0,"comment_status":"closed","ping_status":"closed","template":"","meta":{"footnotes":""},"class_list":["post-646","page","type-page","status-publish","has-post-thumbnail","hentry"],"aioseo_notices":[],"_links":{"self":[{"href":"https:\/\/www.ville-blanzat.fr\/index.php\/wp-json\/wp\/v2\/pages\/646","targetHints":{"allow":["GET"]}}],"collection":[{"href":"https:\/\/www.ville-blanzat.fr\/index.php\/wp-json\/wp\/v2\/pages"}],"about":[{"href":"https:\/\/www.ville-blanzat.fr\/index.php\/wp-json\/wp\/v2\/types\/page"}],"author":[{"embeddable":true,"href":"https:\/\/www.ville-blanzat.fr\/index.php\/wp-json\/wp\/v2\/users\/1"}],"replies":[{"embeddable":true,"href":"https:\/\/www.ville-blanzat.fr\/index.php\/wp-json\/wp\/v2\/comments?post=646"}],"version-history":[{"count":6,"href":"https:\/\/www.ville-blanzat.fr\/index.php\/wp-json\/wp\/v2\/pages\/646\/revisions"}],"predecessor-version":[{"id":6878,"href":"https:\/\/www.ville-blanzat.fr\/index.php\/wp-json\/wp\/v2\/pages\/646\/revisions\/6878"}],"wp:featuredmedia":[{"embeddable":true,"href":"https:\/\/www.ville-blanzat.fr\/index.php\/wp-json\/wp\/v2\/media\/7718"}],"wp:attachment":[{"href":"https:\/\/www.ville-blanzat.fr\/index.php\/wp-json\/wp\/v2\/media?parent=646"}],"curies":[{"name":"wp","href":"https:\/\/api.w.org\/{rel}","templated":true}]}}