{"id":7515,"date":"2024-04-05T16:57:26","date_gmt":"2024-04-05T14:57:26","guid":{"rendered":"https:\/\/www.ville-blanzat.fr\/?page_id=7515"},"modified":"2025-06-18T16:16:06","modified_gmt":"2025-06-18T14:16:06","slug":"mes-loisirs","status":"publish","type":"page","link":"https:\/\/www.ville-blanzat.fr\/index.php\/mes-loisirs\/","title":{"rendered":"MES LOISIRS"},"content":{"rendered":"\n<div class=\"wp-block-media-text alignwide is-stacked-on-mobile is-vertically-aligned-center is-image-fill-element\" style=\"grid-template-columns:56% auto\"><figure class=\"wp-block-media-text__media\"><img fetchpriority=\"high\" decoding=\"async\" width=\"1024\" height=\"683\" src=\"https:\/\/www.ville-blanzat.fr\/wp-content\/uploads\/2024\/04\/LA-MUSCADE-0028-1024x683.jpg\" alt=\"\" class=\"wp-image-8749 size-full\" style=\"object-position:50% 50%\" srcset=\"https:\/\/www.ville-blanzat.fr\/wp-content\/uploads\/2024\/04\/LA-MUSCADE-0028-1024x683.jpg 1024w, https:\/\/www.ville-blanzat.fr\/wp-content\/uploads\/2024\/04\/LA-MUSCADE-0028-300x200.jpg 300w, https:\/\/www.ville-blanzat.fr\/wp-content\/uploads\/2024\/04\/LA-MUSCADE-0028-768x512.jpg 768w, https:\/\/www.ville-blanzat.fr\/wp-content\/uploads\/2024\/04\/LA-MUSCADE-0028-1536x1024.jpg 1536w, https:\/\/www.ville-blanzat.fr\/wp-content\/uploads\/2024\/04\/LA-MUSCADE-0028-2048x1365.jpg 2048w, https:\/\/www.ville-blanzat.fr\/wp-content\/uploads\/2024\/04\/LA-MUSCADE-0028-1320x880.jpg 1320w\" sizes=\"(max-width: 1024px) 100vw, 1024px\" \/><\/figure><div class=\"wp-block-media-text__content\">\n<h2 class=\"wp-block-heading animated backInRight faster has-text-color\" style=\"color:#000000;font-size:32px\"><strong><strong>LA MUSCADE<\/strong><\/strong><\/h2>\n\n\n\n<p>Situ\u00e9e au c\u0153ur de Blanzat, notre salle de spectacle est le lieu incontournable pour vivre des moments culturels uniques et enrichissants. Avec une programmation vari\u00e9e et dynamique, nous vous invitons \u00e0 d\u00e9couvrir un large \u00e9ventail de spectacles, allant du th\u00e9\u00e2tre \u00e0 la musique en passant par la danse et les performances artistiques !<\/p>\n\n\n\n<div class=\"wp-block-buttons is-layout-flex wp-block-buttons-is-layout-flex\">\n<div class=\"wp-block-button is-style-fill\"><a class=\"wp-block-button__link wp-element-button\" href=\"https:\/\/www.ville-blanzat.fr\/index.php\/lamuscade\/\">EN SAVOIR PLUS<\/a><\/div>\n<\/div>\n<\/div><\/div>\n\n\n\n<div style=\"height:100px\" aria-hidden=\"true\" class=\"wp-block-spacer\"><\/div>\n\n\n\n<div class=\"wp-block-media-text alignwide is-stacked-on-mobile is-vertically-aligned-center is-image-fill-element\" style=\"grid-template-columns:56% auto\"><figure class=\"wp-block-media-text__media\"><img decoding=\"async\" width=\"1024\" height=\"683\" src=\"https:\/\/www.ville-blanzat.fr\/wp-content\/uploads\/2024\/04\/R-1024x683.jpg\" alt=\"\" class=\"wp-image-7735 size-full\" style=\"object-position:50% 50%\" srcset=\"https:\/\/www.ville-blanzat.fr\/wp-content\/uploads\/2024\/04\/R-1024x683.jpg 1024w, https:\/\/www.ville-blanzat.fr\/wp-content\/uploads\/2024\/04\/R-300x200.jpg 300w, https:\/\/www.ville-blanzat.fr\/wp-content\/uploads\/2024\/04\/R-768x512.jpg 768w, https:\/\/www.ville-blanzat.fr\/wp-content\/uploads\/2024\/04\/R-1536x1024.jpg 1536w, https:\/\/www.ville-blanzat.fr\/wp-content\/uploads\/2024\/04\/R-2048x1365.jpg 2048w, https:\/\/www.ville-blanzat.fr\/wp-content\/uploads\/2024\/04\/R-1320x880.jpg 1320w\" sizes=\"(max-width: 1024px) 100vw, 1024px\" \/><\/figure><div class=\"wp-block-media-text__content\">\n<h2 class=\"wp-block-heading animated backInRight fast has-text-color\" style=\"color:#000000;font-size:32px\"><strong><strong><strong>\u00c9<\/strong>COLE DE MUSIQUE<\/strong><\/strong><\/h2>\n\n\n\n<p>L\u2019\u00e9cole municipale de musique de C\u00e9bazat-Ch\u00e2teaugay-Blanzat Une collaboration entre les 5 municipalit\u00e9s de C\u00e9bazat, Ch\u00e2teaugay, Blanzat, Nohanent, Durtol, permet, depuis 2007, de d\u00e9velopper l\u2019enseignement musical et d\u2019offrir le plus d\u2019activit\u00e9s possibles&nbsp;! Un service de proximit\u00e9 et d\u2019animation que vous retrouvez toute l\u2019ann\u00e9e dans votre ville&nbsp;!<\/p>\n\n\n\n<div class=\"wp-block-buttons is-layout-flex wp-block-buttons-is-layout-flex\">\n<div class=\"wp-block-button is-style-fill\"><a class=\"wp-block-button__link wp-element-button\" href=\"https:\/\/www.ville-blanzat.fr\/index.php\/ecole-de-musique\/\">EN SAVOIR PLUS<\/a><\/div>\n<\/div>\n<\/div><\/div>\n\n\n\n<p><\/p>\n\n\n\n<div style=\"height:100px\" aria-hidden=\"true\" class=\"wp-block-spacer\"><\/div>\n\n\n\n<div class=\"wp-block-media-text alignwide is-stacked-on-mobile is-vertically-aligned-center is-image-fill-element\" style=\"grid-template-columns:56% auto\"><figure class=\"wp-block-media-text__media\"><img decoding=\"async\" width=\"657\" height=\"436\" src=\"https:\/\/www.ville-blanzat.fr\/wp-content\/uploads\/2024\/04\/2000001005087.webp\" alt=\"\" class=\"wp-image-7736 size-full\" style=\"object-position:50% 50%\"\/><\/figure><div class=\"wp-block-media-text__content\">\n<h2 class=\"wp-block-heading animated backInRight has-text-color\" style=\"color:#000000;font-size:32px\"><strong><strong>MEDIATHEQUE<\/strong><\/strong><\/h2>\n\n\n\n<p class=\"has-sitetext-color has-text-color\" style=\"font-size:17px\">Nous sommes ravis de vous accueillir \u00e0 la M\u00e9diath\u00e8que Aim\u00e9 C\u00e9saire, un espace d\u00e9di\u00e9 \u00e0 la d\u00e9couverte, \u00e0 la culture et \u00e0 l&rsquo;\u00e9change au c\u0153ur de notre communaut\u00e9. Inspir\u00e9e par l&rsquo;h\u00e9ritage litt\u00e9raire et intellectuel d&rsquo;Aim\u00e9 C\u00e9saire, cette m\u00e9diath\u00e8que est un lieu o\u00f9 chacun peut explorer les richesses de la litt\u00e9rature, de l&rsquo;art, de la musique et bien plus encore !<\/p>\n\n\n\n<div class=\"wp-block-buttons is-layout-flex wp-block-buttons-is-layout-flex\">\n<div class=\"wp-block-button is-style-fill\"><a class=\"wp-block-button__link wp-element-button\" href=\"https:\/\/www.ville-blanzat.fr\/index.php\/mediatheque\/\">EN SAVOIR PLUS<\/a><\/div>\n<\/div>\n<\/div><\/div>\n\n\n\n<div style=\"height:100px\" aria-hidden=\"true\" class=\"wp-block-spacer\"><\/div>\n\n\n\n<div class=\"wp-block-media-text alignwide is-stacked-on-mobile is-vertically-aligned-center is-image-fill-element\" style=\"grid-template-columns:56% auto\"><figure class=\"wp-block-media-text__media\"><img loading=\"lazy\" decoding=\"async\" width=\"1024\" height=\"680\" src=\"https:\/\/www.ville-blanzat.fr\/wp-content\/uploads\/2024\/04\/nicolas-cool-_Ojb8Te7tyI-unsplash-1024x680.jpg\" alt=\"\" class=\"wp-image-7737 size-full\" style=\"object-position:50% 50%\" srcset=\"https:\/\/www.ville-blanzat.fr\/wp-content\/uploads\/2024\/04\/nicolas-cool-_Ojb8Te7tyI-unsplash-1024x680.jpg 1024w, https:\/\/www.ville-blanzat.fr\/wp-content\/uploads\/2024\/04\/nicolas-cool-_Ojb8Te7tyI-unsplash-300x200.jpg 300w, https:\/\/www.ville-blanzat.fr\/wp-content\/uploads\/2024\/04\/nicolas-cool-_Ojb8Te7tyI-unsplash-768x510.jpg 768w, https:\/\/www.ville-blanzat.fr\/wp-content\/uploads\/2024\/04\/nicolas-cool-_Ojb8Te7tyI-unsplash-1536x1021.jpg 1536w, https:\/\/www.ville-blanzat.fr\/wp-content\/uploads\/2024\/04\/nicolas-cool-_Ojb8Te7tyI-unsplash-2048x1361.jpg 2048w, https:\/\/www.ville-blanzat.fr\/wp-content\/uploads\/2024\/04\/nicolas-cool-_Ojb8Te7tyI-unsplash-301x200.jpg 301w, https:\/\/www.ville-blanzat.fr\/wp-content\/uploads\/2024\/04\/nicolas-cool-_Ojb8Te7tyI-unsplash-1320x877.jpg 1320w\" sizes=\"(max-width: 1024px) 100vw, 1024px\" \/><\/figure><div class=\"wp-block-media-text__content\">\n<h2 class=\"wp-block-heading animated backInRight has-text-color\" style=\"color:#000000;font-size:32px\"><strong><strong>RANDONN<strong>\u00c9<\/strong>ES<\/strong><\/strong><\/h2>\n\n\n\n<p>Dans notre environnement pr\u00e9serv\u00e9, explorez les tr\u00e9sors naturels le long de nos sentiers vari\u00e9s. Que vous soyez un fervent adepte des activit\u00e9s en plein air ou simplement \u00e0 la recherche d\u2019une balade tranquille, la commune de Blanzat propose une gamme d\u2019itin\u00e9raires adapt\u00e9s \u00e0 tous les niveaux et \u00e0 toutes les pr\u00e9f\u00e9rences !<\/p>\n\n\n\n<div class=\"wp-block-buttons is-layout-flex wp-block-buttons-is-layout-flex\">\n<div class=\"wp-block-button is-style-fill\"><a class=\"wp-block-button__link wp-element-button\" href=\"https:\/\/www.ville-blanzat.fr\/index.php\/randonnees\/\">EN SAVOIR PLUS<\/a><\/div>\n<\/div>\n<\/div><\/div>\n","protected":false},"excerpt":{"rendered":"","protected":false},"author":1,"featured_media":9750,"parent":0,"menu_order":0,"comment_status":"closed","ping_status":"closed","template":"","meta":{"footnotes":""},"class_list":["post-7515","page","type-page","status-publish","has-post-thumbnail","hentry"],"aioseo_notices":[],"_links":{"self":[{"href":"https:\/\/www.ville-blanzat.fr\/index.php\/wp-json\/wp\/v2\/pages\/7515","targetHints":{"allow":["GET"]}}],"collection":[{"href":"https:\/\/www.ville-blanzat.fr\/index.php\/wp-json\/wp\/v2\/pages"}],"about":[{"href":"https:\/\/www.ville-blanzat.fr\/index.php\/wp-json\/wp\/v2\/types\/page"}],"author":[{"embeddable":true,"href":"https:\/\/www.ville-blanzat.fr\/index.php\/wp-json\/wp\/v2\/users\/1"}],"replies":[{"embeddable":true,"href":"https:\/\/www.ville-blanzat.fr\/index.php\/wp-json\/wp\/v2\/comments?post=7515"}],"version-history":[{"count":6,"href":"https:\/\/www.ville-blanzat.fr\/index.php\/wp-json\/wp\/v2\/pages\/7515\/revisions"}],"predecessor-version":[{"id":9777,"href":"https:\/\/www.ville-blanzat.fr\/index.php\/wp-json\/wp\/v2\/pages\/7515\/revisions\/9777"}],"wp:featuredmedia":[{"embeddable":true,"href":"https:\/\/www.ville-blanzat.fr\/index.php\/wp-json\/wp\/v2\/media\/9750"}],"wp:attachment":[{"href":"https:\/\/www.ville-blanzat.fr\/index.php\/wp-json\/wp\/v2\/media?parent=7515"}],"curies":[{"name":"wp","href":"https:\/\/api.w.org\/{rel}","templated":true}]}}