{"id":7525,"date":"2024-04-05T16:57:27","date_gmt":"2024-04-05T14:57:27","guid":{"rendered":"https:\/\/www.ville-blanzat.fr\/?page_id=7525"},"modified":"2025-06-05T10:23:52","modified_gmt":"2025-06-05T08:23:52","slug":"securite-et-prevention-2","status":"publish","type":"page","link":"https:\/\/www.ville-blanzat.fr\/index.php\/securite-et-prevention-2\/","title":{"rendered":"S\u00e9curit\u00e9 et Pr\u00e9vention"},"content":{"rendered":"\n<div class=\"wp-block-media-text alignwide is-stacked-on-mobile is-vertically-aligned-center is-image-fill-element\" style=\"grid-template-columns:56% auto\"><figure class=\"wp-block-media-text__media\"><img fetchpriority=\"high\" decoding=\"async\" width=\"1024\" height=\"683\" src=\"https:\/\/www.ville-blanzat.fr\/wp-content\/uploads\/2024\/04\/towfiqu-barbhuiya-oZuBNC-6E2s-unsplash-1-1024x683.jpg\" alt=\"\" class=\"wp-image-7726 size-full\" style=\"object-position:50% 50%\" srcset=\"https:\/\/www.ville-blanzat.fr\/wp-content\/uploads\/2024\/04\/towfiqu-barbhuiya-oZuBNC-6E2s-unsplash-1-1024x683.jpg 1024w, https:\/\/www.ville-blanzat.fr\/wp-content\/uploads\/2024\/04\/towfiqu-barbhuiya-oZuBNC-6E2s-unsplash-1-300x200.jpg 300w, https:\/\/www.ville-blanzat.fr\/wp-content\/uploads\/2024\/04\/towfiqu-barbhuiya-oZuBNC-6E2s-unsplash-1-768x512.jpg 768w, https:\/\/www.ville-blanzat.fr\/wp-content\/uploads\/2024\/04\/towfiqu-barbhuiya-oZuBNC-6E2s-unsplash-1-1536x1025.jpg 1536w, https:\/\/www.ville-blanzat.fr\/wp-content\/uploads\/2024\/04\/towfiqu-barbhuiya-oZuBNC-6E2s-unsplash-1-2048x1367.jpg 2048w, https:\/\/www.ville-blanzat.fr\/wp-content\/uploads\/2024\/04\/towfiqu-barbhuiya-oZuBNC-6E2s-unsplash-1-1320x881.jpg 1320w\" sizes=\"(max-width: 1024px) 100vw, 1024px\" \/><\/figure><div class=\"wp-block-media-text__content\">\n<h2 class=\"wp-block-heading animated rollIn has-text-color\" style=\"color:#000000;font-size:32px\"><strong><strong><strong><a href=\"https:\/\/www.ville-blanzat.fr\/index.php\/acte-de-deces\/\"><\/a><strong><strong>SIGNALER UNE ANOMALIE<\/strong><\/strong><\/strong><\/strong><\/strong><\/h2>\n\n\n\n<p class=\"has-text-color\" style=\"color:#000000;font-size:17px\">Cette page vous permet de signaler tout dysfonctionnement ou probl\u00e8me n\u00e9cessitant l&rsquo;intervention des services municipaux pour assurer la qualit\u00e9 de vie dans notre commune.<\/p>\n\n\n\n<div class=\"wp-block-buttons is-layout-flex wp-block-buttons-is-layout-flex\">\n<div class=\"wp-block-button is-style-fill\"><a class=\"wp-block-button__link wp-element-button\" href=\"https:\/\/www.ville-blanzat.fr\/index.php\/signaler-un-probleme\/\">EN SAVOIR PLUS<\/a><\/div>\n<\/div>\n<\/div><\/div>\n\n\n\n<div style=\"height:100px\" aria-hidden=\"true\" class=\"wp-block-spacer\"><\/div>\n\n\n\n<div class=\"wp-block-media-text alignwide is-stacked-on-mobile is-vertically-aligned-center is-image-fill-element\" style=\"grid-template-columns:56% auto\"><figure class=\"wp-block-media-text__media\"><img decoding=\"async\" width=\"1024\" height=\"669\" src=\"https:\/\/www.ville-blanzat.fr\/wp-content\/uploads\/2024\/04\/Capture-decran-2024-04-18-115343-1024x669.png\" alt=\"\" class=\"wp-image-8274 size-full\" style=\"object-position:50% 50%\" srcset=\"https:\/\/www.ville-blanzat.fr\/wp-content\/uploads\/2024\/04\/Capture-decran-2024-04-18-115343-1024x669.png 1024w, https:\/\/www.ville-blanzat.fr\/wp-content\/uploads\/2024\/04\/Capture-decran-2024-04-18-115343-300x196.png 300w, https:\/\/www.ville-blanzat.fr\/wp-content\/uploads\/2024\/04\/Capture-decran-2024-04-18-115343-768x502.png 768w, https:\/\/www.ville-blanzat.fr\/wp-content\/uploads\/2024\/04\/Capture-decran-2024-04-18-115343-306x200.png 306w, https:\/\/www.ville-blanzat.fr\/wp-content\/uploads\/2024\/04\/Capture-decran-2024-04-18-115343.png 1152w\" sizes=\"(max-width: 1024px) 100vw, 1024px\" \/><\/figure><div class=\"wp-block-media-text__content\">\n<h2 class=\"wp-block-heading animated rollIn has-text-color\" style=\"color:#000000;font-size:32px\"><strong><strong><strong><a href=\"https:\/\/www.ville-blanzat.fr\/index.php\/acte-de-deces\/\"><\/a><strong><strong>OPERATION TRANQUILLITE VACANCES<\/strong><\/strong><\/strong><\/strong><\/strong><\/h2>\n\n\n\n<p>L&rsquo;Op\u00e9ration Tranquillit\u00e9 Vacances est un service propos\u00e9 par les forces de l&rsquo;ordre en collaboration avec la mairie pour assurer la s\u00e9curit\u00e9 des habitations des personnes en vacances. Ce dispositif permet de renforcer la surveillance des domiciles pendant l&rsquo;absence de leurs occupants.<\/p>\n\n\n\n<div class=\"wp-block-buttons is-layout-flex wp-block-buttons-is-layout-flex\">\n<div class=\"wp-block-button is-style-fill\"><a class=\"wp-block-button__link wp-element-button\" href=\"https:\/\/www.service-public.fr\/particuliers\/vosdroits\/R43241\">EN SAVOIR PLUS<\/a><\/div>\n<\/div>\n<\/div><\/div>\n\n\n\n<div style=\"height:100px\" aria-hidden=\"true\" class=\"wp-block-spacer\"><\/div>\n\n\n\n<div class=\"wp-block-media-text alignwide is-stacked-on-mobile is-vertically-aligned-center is-image-fill-element\" style=\"grid-template-columns:56% auto\"><figure class=\"wp-block-media-text__media\"><img decoding=\"async\" width=\"474\" height=\"474\" src=\"https:\/\/www.ville-blanzat.fr\/wp-content\/uploads\/2024\/04\/OIP-3.jpg\" alt=\"\" class=\"wp-image-8079 size-full\" style=\"object-position:50% 50%\" srcset=\"https:\/\/www.ville-blanzat.fr\/wp-content\/uploads\/2024\/04\/OIP-3.jpg 474w, https:\/\/www.ville-blanzat.fr\/wp-content\/uploads\/2024\/04\/OIP-3-300x300.jpg 300w, https:\/\/www.ville-blanzat.fr\/wp-content\/uploads\/2024\/04\/OIP-3-150x150.jpg 150w, https:\/\/www.ville-blanzat.fr\/wp-content\/uploads\/2024\/04\/OIP-3-200x200.jpg 200w\" sizes=\"(max-width: 474px) 100vw, 474px\" \/><\/figure><div class=\"wp-block-media-text__content\">\n<h2 class=\"wp-block-heading animated rollIn has-text-color\" style=\"color:#000000;font-size:32px\"><strong><strong><strong><a href=\"https:\/\/www.ville-blanzat.fr\/index.php\/acte-de-deces\/\"><\/a><strong><strong>PANNEAU POCKET<\/strong><\/strong><\/strong><\/strong>: Restez inform\u00e9 en temps r\u00e9el<\/strong><\/h2>\n\n\n\n<p>Panneau Pocket est une application mobile qui permet aux habitants de recevoir des informations importantes de la mairie et des services publics directement sur leur smartphone. Que ce soit pour conna\u00eetre les derni\u00e8res actualit\u00e9s de la commune, les \u00e9v\u00e9nements \u00e0 venir, les travaux en cours ou les alertes d&rsquo;urgence, Panneau Pocket vous tient inform\u00e9 en temps r\u00e9el.<\/p>\n\n\n\n<div class=\"wp-block-buttons is-layout-flex wp-block-buttons-is-layout-flex\">\n<div class=\"wp-block-button is-style-fill\"><a class=\"wp-block-button__link wp-element-button\" href=\"https:\/\/www.panneaupocket.com\/\">EN SAVOIR PLUS<\/a><\/div>\n<\/div>\n<\/div><\/div>\n\n\n\n<div class=\"wp-block-media-text alignwide is-stacked-on-mobile is-vertically-aligned-center is-image-fill-element\" style=\"grid-template-columns:56% auto\"><figure class=\"wp-block-media-text__media\"><img loading=\"lazy\" decoding=\"async\" width=\"1024\" height=\"768\" src=\"https:\/\/www.ville-blanzat.fr\/wp-content\/uploads\/2025\/05\/DJI_0017-1024x768.jpg\" alt=\"\" class=\"wp-image-9750 size-full\" style=\"object-position:50% 50%\" srcset=\"https:\/\/www.ville-blanzat.fr\/wp-content\/uploads\/2025\/05\/DJI_0017-1024x768.jpg 1024w, https:\/\/www.ville-blanzat.fr\/wp-content\/uploads\/2025\/05\/DJI_0017-300x225.jpg 300w, https:\/\/www.ville-blanzat.fr\/wp-content\/uploads\/2025\/05\/DJI_0017-768x576.jpg 768w, https:\/\/www.ville-blanzat.fr\/wp-content\/uploads\/2025\/05\/DJI_0017-1536x1152.jpg 1536w, https:\/\/www.ville-blanzat.fr\/wp-content\/uploads\/2025\/05\/DJI_0017-2048x1536.jpg 2048w, https:\/\/www.ville-blanzat.fr\/wp-content\/uploads\/2025\/05\/DJI_0017-267x200.jpg 267w\" sizes=\"(max-width: 1024px) 100vw, 1024px\" \/><\/figure><div class=\"wp-block-media-text__content\">\n<h3 class=\"wp-block-heading animated rollIn has-text-color\" style=\"color:#000000;font-size:32px\"><strong>FORMULAIRE STATIONNEMENT\/D\u00c9M\u00c9NAGEMENT<\/strong><\/h3>\n\n\n\n<p>Permet d&rsquo;obtenir une permission de voirie ou un permis de stationnement pour effectuer des travaux sur la voie publique ou occuper temporairement le domaine public routier.<\/p>\n\n\n\n<div class=\"wp-block-buttons is-layout-flex wp-block-buttons-is-layout-flex\">\n<div class=\"wp-block-button is-style-fill\"><a class=\"wp-block-button__link wp-element-button\" href=\"https:\/\/www.ville-blanzat.fr\/wp-content\/uploads\/2025\/06\/FormulaireDemenagementStationnement.pdf\" target=\"_blank\" rel=\"noreferrer noopener\">EN SAVOIR PLUS<\/a><\/div>\n<\/div>\n<\/div><\/div>\n\n\n\n<p><\/p>\n","protected":false},"excerpt":{"rendered":"","protected":false},"author":1,"featured_media":0,"parent":0,"menu_order":0,"comment_status":"closed","ping_status":"closed","template":"","meta":{"footnotes":""},"class_list":["post-7525","page","type-page","status-publish","hentry"],"aioseo_notices":[],"_links":{"self":[{"href":"https:\/\/www.ville-blanzat.fr\/index.php\/wp-json\/wp\/v2\/pages\/7525","targetHints":{"allow":["GET"]}}],"collection":[{"href":"https:\/\/www.ville-blanzat.fr\/index.php\/wp-json\/wp\/v2\/pages"}],"about":[{"href":"https:\/\/www.ville-blanzat.fr\/index.php\/wp-json\/wp\/v2\/types\/page"}],"author":[{"embeddable":true,"href":"https:\/\/www.ville-blanzat.fr\/index.php\/wp-json\/wp\/v2\/users\/1"}],"replies":[{"embeddable":true,"href":"https:\/\/www.ville-blanzat.fr\/index.php\/wp-json\/wp\/v2\/comments?post=7525"}],"version-history":[{"count":8,"href":"https:\/\/www.ville-blanzat.fr\/index.php\/wp-json\/wp\/v2\/pages\/7525\/revisions"}],"predecessor-version":[{"id":9762,"href":"https:\/\/www.ville-blanzat.fr\/index.php\/wp-json\/wp\/v2\/pages\/7525\/revisions\/9762"}],"wp:attachment":[{"href":"https:\/\/www.ville-blanzat.fr\/index.php\/wp-json\/wp\/v2\/media?parent=7525"}],"curies":[{"name":"wp","href":"https:\/\/api.w.org\/{rel}","templated":true}]}}